d) be the second derivative of d**3/3 - d**2/2 + d. Suppose -10*v - 171*v = -152 - 29. Give t(v).
1
Let k(l) = -5*l + 1. Suppose 0 = -3*n + 3*i + 4 + 14, n = -4*i - 14. Let g be (-3)/n*(-10)/15. Give k(g).
-4
Let r(u) = -u**3 - 9*u**2 - 2*u - 13. Suppose 34 = -n + 5*l, 5 = -3*n + l - 27. Give r(n).
5
Let s(v) = -v**2 + v + 1. Suppose 0 = -5*r - 2 + 12. Let i be (3 + 1)*-1*r. Let z = -6 - i. Determine s(z).
-1
Let w(j) = -j + 7. Let i(x) be the third derivative of -x**4/24 - 5*x**3/3 - 9*x**2. Let z be i(-10). Suppose 25 = -z*n + 5*n. Determine w(n).
2
Let u = 9 + 6. Let h = u + -9. Let s(r) = 4*r**3 - 6*r**2 + 2*r + 8. Let q(g) = 9*g**3 - 12*g**2 + 5*g + 16. Let v(o) = 3*q(o) - 7*s(o). Give v(h).
-2
Suppose -12 = -4*i, -4*i = -c - i. Let b(r) = r**2 - 4*r + 5. Let z(j) = -j**2 + 3*j - 5. Let f(p) = -7*b(p) - 6*z(p). What is f(c)?
4
Suppose 2*w = 20 - 8. Let k(g) = -w + 4*g - g**2 + 0*g**2 + 15 + 0*g. Calculate k(7).
-12
Let v(n) = n**2 + 7*n + 5. Suppose -36*d - 140 = -16*d. What is v(d)?
5
Let d(g) = 10*g**2 + g - 5. Let p(c) be the second derivative of c**4/6 - c**2/2 + 5*c. Let q(b) = 2*d(b) - 11*p(b). Suppose 2*x = 4*x + 2. What is q(x)?
-3
Let l(g) = 10*g**2 - 30*g**2 + 8*g**2 + 13*g**2 + 5*g - 6. Give l(-5).
-6
Suppose 1 = -k + 7. Suppose -k*a = -14*a - 32. Let i(d) = d**2 - 2. Give i(a).
14
Let n(m) = 7 - 2*m**3 + 8*m + m**3 - 148*m**2 + 156*m**2. Suppose s = -4*z + 33, 3*z - 2*s - 42 = 3*s. Give n(z).
-2
Let k(s) = -22*s - 51. Let w(b) = -15*b - 34. Let u(c) = -5*k(c) + 8*w(c). Give u(-2).
3
Let b(t) = -t**3 + 16*t**2 + 16*t + 5. Suppose 0 = -53*v + 39*v + 238. Determine b(v).
-12
Suppose -59*d = -61*d - 14. Let h(z) = z**3 + 7*z**2 + 5*z + 4. Calculate h(d).
-31
Let r(d) be the second derivative of -d**3/3 - d**2 + 2*d. Let b(j) be the third derivative of -j**4/24 + 2*j**3 + 6*j**2. Let x be b(15). Determine r(x).
4
Let m(a) = 12*a**2 + 15*a + 1. Let g(u) = u**2 - 5*u. Let w(c) = 3*g(c) + m(c). What is w(2)?
61
Let s = -1766 + 1771. Let b(r) be the third derivative of -r**5/60 + r**4/4 - 5*r**3/6 - 3*r**2. Determine b(s).
0
Let f = -28 - -31. Let s(j) = 5 - j**2 - 7 + 0 - f - 7*j. What is s(-5)?
5
Let k(f) = -4*f + 63. Let u be k(14). Let m(a) = -a + 5. What is m(u)?
-2
Let i = 138 - 138. Let v be (-1 - -11)*3/6. Let p(z) = 2*z**3 - z**3 + z + 7 + 6*z**2 + i*z - v. Give p(-6).
-4
Let f(z) = z**3 + 8*z**2 + 3*z - 5. Suppose -10*t = 157 - 87. Calculate f(t).
23
Let r(w) = w**2 - 9*w + 3. Let v(b) = 3 + b**2 + 0*b**2 + 5*b - 15*b. Let q be 8/20 + (-96)/15. Let o(p) = q*r(p) + 5*v(p). Give o(5).
-8
Let l be 1/(-3)*(-6)/1. Let c(t) = -55*t**2 - 3 - 63*t**2 + 117*t**2 + 4*t. Let o(r) = r**2 - 4*r + 3. Let q(m) = 2*c(m) + 3*o(m). Calculate q(l).
-1
Let a(p) = -9*p + 1. Let j(g) = 3*g. Let h(u) = -a(u) - 6*j(u). Calculate h(2).
-19
Suppose -16*n - 59 = 85. Let p(w) = -w - 15. Calculate p(n).
-6
Let l(r) = -r**3 - 3*r**2 - 7*r + 3. Let y(p) = -2*p**3 - 5*p**2 - 15*p + 6. Let b(q) = 5*l(q) - 2*y(q). Suppose -5*u = 5, 3 = 5*n + 4*u + 27. Calculate b(n).
7
Let g(c) = -c**2 - 5*c. Let n = 156 + -152. Let x be (2/n)/((-3)/24). Determine g(x).
4
Let x = -9 - -10. Let h(m) = -4*m + 13*m - x - 8*m. Let c be h(0). Let t(p) = 6*p**3 - 2*p - 1. Determine t(c).
-5
Suppose 0 = 7*j - 5*j + 66. Let q be j/(-22) - (-5)/(-2). Let n(r) = 2*r**2 + r. Calculate n(q).
1
Let w(d) be the first derivative of d**4/4 + 2*d**3/3 - 5*d**2/2 + d + 42. What is w(-4)?
-11
Let b(c) be the first derivative of -c**5/60 - c**4/6 - c**3 + 20*c**2 + 20. Let w(q) be the second derivative of b(q). Give w(-4).
-6
Let q(a) = 2*a**3 + 3*a**2 - a - 2. Let z be q(-2). Let r(o) = 15*o + 148. Let h(f) = 7*f + 69. Let m(b) = 13*h(b) - 6*r(b). Give m(z).
5
Let f(b) = 5*b + 4. Let v(s) = -2*s + 1. Let q(z) = -f(z) - 4*v(z). Give q(7).
13
Let u(o) = -5*o - 2*o**2 - 862 - 8*o + 843. Determine u(-3).
2
Let u = 8 + -2. Let s(b) = 2 - 2 + 23*b - 24*b. Let i(r) = -5*r - 1. Let j(w) = -i(w) + 6*s(w). What is j(u)?
-5
Suppose -k = -3 + 1. Let l(y) = 7*y**2 + y**2 + 6*y + 5 - 14*y**2 + 4*y**k. Calculate l(5).
-15
Let f(s) = s**3 - 5*s**2 + 5*s - 3. Let n be f(3). Let p be n/(-3) + -6 + 40. Let h = 42 - p. Let g(v) = -v**3 + 5*v**2 + 7*v - 1. Determine g(h).
5
Let y(q) = q**3 - q**2 - 2*q + 3. Let w(p) = -p**2 - 14*p + 2. Let i be w(-14). Calculate y(i).
3
Let w = -66 - -71. Suppose -w*k + 28 = 13. Let g(x) = -4*x. Let y(s) = 5*s. Let j(m) = 6*g(m) + 5*y(m). Give j(k).
3
Let u(p) = -3*p + 1. Let b(l) = l**2 - 9*l - 3. Let w be b(10). Let s be -1*w*(-9 + 10). Let a = -3 - s. Determine u(a).
-11
Let y be (9/(-6))/(2/(-12)). Suppose 0 = -l + 11 - y. Let t(r) = r + 2*r**l - r**2 - 27 + 27. Calculate t(0).
0
Suppose -4*j - 5*k = -8 - 13, 0 = -4*j + 4*k + 12. Let a(s) = s**2 - 3*s + 4. What is a(j)?
8
Let j be (-4)/(-12) - 34/(-6). Let p be j/(2 - (0 - 0)). Let s(m) = 4*m - 55 + 157 - 54 - 50. Give s(p).
10
Let k(s) = -17*s**2 - 2*s - 8. Let m be k(0). Let y(i) = -i**3 - 9*i**2 - 10*i - 15. Give y(m).
1
Suppose -68 = -4*n + 5*u, 20 = 5*u + 40. Let i(r) = -r**3 + 12*r**2 + 3*r - 12. Determine i(n).
24
Let k(u) be the second derivative of u**5/20 - u**4/3 - 3*u**2/2 - 2*u. Let d(p) = p**3 + 14*p**2 + 12*p - 18. Let w be d(-13). Let a = w - -9. Determine k(a).
-3
Let d(w) = 6*w - w**3 + 3*w - 423*w**2 - 4 + 415*w**2. Give d(-9).
-4
Suppose -4*q + 0*b - 3*b = -23, -27 = -5*q - 2*b. Suppose 4*s + 5*i = -s + q, -5*s = -4*i - 14. Let k(p) = -2*p**2 - 2. Give k(s).
-10
Let m(s) = 163*s + 3 + 159*s - 320*s. Suppose 0 = -6*d + 3*d - 6, -2*y + 32 = -2*d. Suppose 14 = -2*z - 2*z - 2*k, y = z + 4*k. Give m(z).
-9
Let a be (32/(-40))/((-4)/30). Let z(u) = 11*u - 3. Let m(w) = 10*w - 2. Let q(o) = a*m(o) - 5*z(o). Give q(-2).
-7
Let g(s) = -s + 3. Let j(h) = 2*h + 19. Let i be j(-9). What is g(i)?
2
Let u(f) = 6*f - 5. Let m(v) = 8*v - 4. Let x(r) = -5*m(r) + 4*u(r). Calculate x(1).
-16
Let b(u) = 2*u - 2. Let r be -94*(-2)/(-4)*-1. Suppose -v = 3*t - 37, 4*v - 5*t = 5*v - r. Let p be (-3)/(-2) + (-77)/v. Calculate b(p).
-6
Let q(o) = o + 1. Let y(j) = j**2 + 2*j + 1. Let r(d) = q(d) - y(d). Let h(g) = 5*g**2 + 5*g - 1. Let n(f) = h(f) + 3*r(f). Calculate n(-4).
23
Let x = 1172 - 1165. Let y(w) = w**2 - 5*w - 8. Give y(x).
6
Let d(n) = -7*n**2 - 2*n - 2. Let r(p) = -p**2 + 0*p + 7*p**2 + 8 + p - 7. Let x(g) = -3*d(g) - 4*r(g). Give x(2).
-6
Suppose -40 = -o - 3*b, 4*o - 5*b - 106 = o. Let w(c) = -21*c + o*c - 19*c. Let u = 2 + -1. What is w(u)?
-3
Let c(w) = 6*w - 2 - 4*w - w. Suppose -5*o + 8 = 38. Let a be 10*(-3 + (-15)/o). What is c(a)?
-7
Let c(f) be the first derivative of f**2 + 4*f + 86. Calculate c(-3).
-2
Let x(b) = b**3 - 4*b**2 + b + 1. Let o = -13 + -63. Let c be o/(-20) - 4/(-20). Calculate x(c).
5
Let q be (-1)/(4 + (-38)/(-512)*-54). Let c(w) = -q + 2*w - 128 + 258. Calculate c(4).
10
Let f(j) = -5*j - 6*j + 6*j**2 + j - 4*j**2 + 3. Let b be f(5). Let i(g) = -3 + g - 2*g + 6. What is i(b)?
0
Suppose -k + 5*d = -0*k - 38, -5*k = -2*d - 144. Let h = k - 58. Let p be h/4*2/3. Let u(t) = t - 2. Determine u(p).
-7
Let d = -8 + 12. Suppose 0*a = 3*a + 2*z + 4, 30 = 5*a - 4*z. Let q(f) = -3*f + a - 9*f + 11*f + 5. Determine q(d).
3
Let p(n) = -41 + 4*n - 5*n + 28. Suppose 0 = -5*k + 9*k + 28. Give p(k).
-6
Let f be (3 + 4)/(11 - 12). Let u(p) = p**3 + 8*p**2 + 7*p + 5. Calculate u(f).
5
Let k(a) be the second derivative of -a**5/20 - 5*a**4/6 + a**3/6 + a**2/2 - 32*a + 8. Determine k(-10).
-9
Let z(x) = -x**3 + 13*x**2 + x - 12. Let u(t) = 5*t + 93. Let m be u(-16). Determine z(m).
1
Let n(x) = -x + 5. Let s(v) = v**3 + 13*v**2 + 11*v + 14. Let f be s(-12). Let o = f + -27. Let t be (1 + o)/(7 + -6). Determine n(t).
5
Let v = -37 + 32. Let z(o) = o**2 + 6*o + 6. Let x be z(v). Let r(s) = 6*s - 1. Calculate r(x).
5
Let x(v) = 3*v**2 + 8*v - 6. Let b = -11 - -12. Let h(u) = u**2 + u + 1. Let i(p) = b*x(p) - 2*h(p). Calculate i(-7).
-1
Let f(t) = -t - 36. Let j be f(-15). Let w be ((-16)/(-28))/(-2)*j. Suppose -4*v - h = 4, w*v - 3*v + h = -3. Let u(b) = -3*b**2 - 2*b - 1. Give u(v).
-2
Let y(x) = x + 30 - 4 - 6. Determine y(-16).
4
Let w(c) = 7*c + 7. Let n be w(5). Let v be ((-4)/3)/(14/n). Let q(z) = z**2 + 7*z - 5. Let x(i) = -2*i**2 - 13*i + 9. Let g(k) = -11*q(k) - 6*x(k). Give g(v).
13
Let d(k) = -4*k + 